.
-4
Let l(w) = -13*w**3 - 2*w**2 + 1. Let n(b) = b**2 + 1. Let u be n(2). Suppose -3*f - 5*p + 19 = f, 0 = u*f - 5*p + 10. Calculate l(f).
-14
Let d(k) = k**3 + k**2 - k. Suppose -2*j - p = 3, 0 = 137*j - 138*j + 2*p + 11. What is d(j)?
1
Let s(z) be the second derivative of 5*z**3/6 - z**2/2 + z. Suppose -4*l = -2*q + 6*q - 24, -3*q + 4*l = -25. Let h = q + -8. Give s(h).
-6
Let s(y) = y**3 - y**2 - 88*y - 13. Let n be s(10). Let u(r) = r**2 - 6*r - 6. Determine u(n).
1
Let f(p) = -p + 6. Let u(d) = 4*d + 2. Let l be u(0). Suppose 2*m + 10 = -0*m, 0 = -l*a - 5*m - 15. What is f(a)?
1
Let v(m) = -m**2 + 9*m + 9. Let d(w) = -w**2 + 9*w + 8. Let a(l) = 4*d(l) - 3*v(l). Suppose -10*f + 15*f = 4*k + 57, 3*f = 4*k + 39. Give a(f).
5
Let h(i) = -1 - 3*i**2 + 4*i**2 - 2*i**2 + 3*i. Let y = 273 + -280. Let x = -3 - y. Calculate h(x).
-5
Suppose -27*k + 670 = 40*k. Let c(u) = u**3 - 9*u**2 - 9*u + 1. Calculate c(k).
11
Let q(l) = 5 - l**2 - 4 - 4 - 6*l. Let c(j) = j - 17. Let i be c(19). Suppose 3*n - 6 - 10 = 5*u, i*u + 5*n = 6. What is q(u)?
5
Let k(a) = -2*a**2 + 0*a**2 - a + 3*a**2 - 2. Let x = 30 + -9. Let g be -4 - (7/x)/(1/(-6)). Calculate k(g).
4
Let m be (-5 - (-2 - 0))*3. Let k(p) be the third derivative of p**6/120 + 2*p**5/15 - 5*p**4/12 - 5*p**3/6 - 2*p**2. Calculate k(m).
4
Let c(j) = 7*j + 1 - 15*j**2 - 6 - j**3 + 3*j**2 + 6*j**2. Calculate c(-7).
-5
Let x = 74 + -69. Suppose 4*z - r = -12, 0*z - x*z - r - 15 = 0. Let i(p) = p**3 + 2*p**2 + 2*p + 2. Determine i(z).
-13
Let m(g) = -4*g - 21. Let i(p) = p + 2. Let l(f) = 3*i(f) + m(f). What is l(-10)?
-5
Suppose 70*q - 63*q - 49 = 0. Let t(x) = -2*x + 7. Determine t(q).
-7
Let s be 3 + 24 - 4/(-4). Let z = s + -34. Let a be 16/z*27/12. Let x(h) = -h**2 - 6*h - 4. Give x(a).
-4
Suppose 4*o + b = o + 13, 0 = 3*o - 2*b - 1. Let w(y) = 5*y - y - o*y. Determine w(-3).
-3
Suppose -38*a - 3 = -39*a. Let h(d) = -a*d + 0*d + 27 + 31 - 54. Calculate h(3).
-5
Let m(l) = l**2 - 5*l - 2. Suppose 2*u - w = 2 + 5, w = 5*u - 19. Calculate m(u).
-6
Suppose -3*a + 1 = 4, -4*m + 4*a + 76 = 0. Let q = -10 + m. Let u(s) = 4*s**2 + 3*s. Let o(v) = 12*v**2 + 8*v. Let h(d) = q*u(d) - 3*o(d). What is h(-1)?
-4
Let x(h) be the third derivative of h**7/840 + h**6/40 - h**5/40 - 5*h**4/24 - 2*h**3/3 - 5*h**2. Let f(z) be the first derivative of x(z). Calculate f(-9).
22
Let z(r) = -r**3 - 5 + 5*r + 2 + 4 - 2 - 5*r**2. Let q be ((-8)/(-10))/(10/(-75)). Give z(q).
5
Let y(o) = -o**3 - 5*o**2 - 5*o + 4. Let t(d) = 15*d**2 + 4*d - 11. Let w(r) = -8*r**2 - 2*r + 6. Let u(q) = -6*t(q) - 11*w(q). Let v be u(-2). Give y(v).
8
Let q(i) be the first derivative of -i**3/3 + i**2 + 15*i - 400. What is q(0)?
15
Suppose 2*g - 32 = -2*g + 4*c, 2*c + 19 = 3*g. Let l(b) = -b**3 + b**2 + 9*b - 5. Let q be l(g). Let j(i) = i**3 - 4*i**2 + i - 2. Determine j(q).
2
Let b(t) = 16*t**3 - 30*t**2 - 80*t + 4. Let g(s) = -3*s**3 + 6*s**2 + 16*s - 1. Let a(h) = -2*b(h) - 11*g(h). Give a(8).
3
Let t(o) = 3*o - 11. Suppose -12 = 5*g - 2*i + 30, 0 = -3*g + 5*i - 29. What is t(g)?
-35
Let y(p) = 4*p + 1. Let l be 0/((-3 - 2) + 4). Let c(o) = -o + 2. Let t be c(l). Calculate y(t).
9
Let t(x) = 10*x - 8 + 1 - 11*x. Let p = 88 - 96. Determine t(p).
1
Let t be 92/(-16) - 2/8. Let r(s) be the first derivative of -s**3/3 - 9. Let z(j) = -j**3 - 5*j**2 - 7*j + 2. Let b(y) = -2*r(y) - z(y). What is b(t)?
-8
Let q(t) = -5*t**3 - 3*t**2 + 2*t. Let k be (7/(-7))/(-1 - -2) - -2. What is q(k)?
-6
Let m be (2 + -7)/(-1 - -2). Let q(p) = -3*p + 2. Let t(u) = 26*u - 4. Let a(r) = -8*q(r) - t(r). Calculate a(m).
-2
Let p(a) = a + 3. Let u be -3 - 2*(1 + -2). Let o be u + 1/2*-2. Let x be o/10 + 156/(-20). Give p(x).
-5
Let d = -508 - -525. Suppose 4*u + u = -80. Let c = d + u. Let y(j) = 13*j**2 + j - 1. Determine y(c).
13
Let x(v) = 9*v**2 + 2*v. Suppose 0 = -5*m - 0*m - 15. Let y(i) = 9*i**2 + 3*i. Let b(n) = m*y(n) + 4*x(n). What is b(1)?
8
Let a(t) = 5*t - 4 + 2 - 3*t. Let q(r) = 7*r - 15. Let y(k) = -5*k + 10. Let b(c) = 5*q(c) + 8*y(c). Let z(h) = -7*a(h) - 3*b(h). Give z(-2).
-3
Suppose 0*r - 5*v = 3*r - 47, 2*r = -3*v + 30. Let z(q) = -q**3 + 9*q**2 + 4. Determine z(r).
4
Let l(z) = 2 - 1 + 0 - z. Let i(m) = m**3 + 4*m**2 + 2*m + 4. Let k be 12/8 + 2/4. Let y(b) = k*l(b) - i(b). Calculate y(-2).
-2
Suppose 4*s + 0*s - 13 = -y, 5*y - 33 = -4*s. Let l(g) = 10 - 8*g + 7*g**s - 3*g**2 - 3*g**2. Let j be -1*2*(-14)/4. Determine l(j).
3
Suppose -169 = 17*i - 50. Let l(w) = -w**2 + w + 4. Let n be l(0). Let q(y) = -3*y + 3. Let c(k) = 2*k - 4. Let d(b) = n*c(b) + 3*q(b). Calculate d(i).
0
Let h(f) = -f**2 - 2*f + 125. Let o be h(-12). Let r(c) be the third derivative of c**2 + 0*c + 1/3*c**3 + 1/120*c**6 + 1/12*c**4 + 0 + 1/15*c**o. Give r(-3).
5
Let c(g) = g**2 + 10*g + 6. Let d be c(-9). Let x be (7 - d)/2*1. Suppose 0 = x*a + 15 + 5. Let h(o) = o**3 + 4*o**2 + 2*o - 3. Give h(a).
-11
Let d(g) be the third derivative of g**5/60 - g**4/4 + 2*g**3/3 + 6*g**2. Let r(z) be the first derivative of d(z). What is r(6)?
6
Let c(k) = k**3 - 4*k**2 - 3*k + 6. Let a be c(4). Let v = 12 + -4. Let h(y) = -y + 3*y**2 - 1 - 4*y**2 + v - 3*y. What is h(a)?
-5
Let d = -442 - -447. Let q(g) be the second derivative of 1/20*g**5 + 3/2*g**2 - 1/2*g**3 - 1/3*g**4 + 2*g + 0. Determine q(d).
13
Suppose 6*t = -612 + 594. Let l(h) = h**3 - h**2 - 5*h + 3. Determine l(t).
-18
Let a(s) = s**3 - s**2 + 1. Let m(y) = -40*y**2 + 5 + 36*y**2 + 0*y - y + 2*y**3. Let z(o) = -4*a(o) + m(o). Let t = -1 + 2. What is z(t)?
-2
Let a = -1 - -3. Let t(j) = -j**2 - 3 - 7*j + 2*j**2 + j**a - j**2. Give t(7).
-3
Let z(o) = 8*o**3 + 2*o**2 - 2*o + 1. Let y(u) = -8*u - 63. Let g = 115 - 123. Let f be y(g). Give z(f).
9
Let s(o) be the third derivative of o**7/2520 + 11*o**6/720 - 7*o**5/60 + 7*o**4/24 + 16*o**2. Let a(z) be the second derivative of s(z). Give a(-12).
-2
Let v(a) = -5*a - 3. Suppose -g + 0*g = 0. Suppose -q = -3*p + 8, 2*q - 2*p + 8 + 0 = g. Give v(q).
7
Let h(p) be the second derivative of p**3/3 - p**2 - p. Let d = 998 + -1002. What is h(d)?
-10
Let t(c) = -c - 12. Let f be (-1)/(((-12)/(-54))/(100/45)). What is t(f)?
-2
Let u(l) = -2*l - 1. Let o(p) = -p + 30. Suppose 0 = -8*j + 6*j + 18. Let y be o(j). Let q be y/(-15) + 8/20. Give u(q).
1
Let v(g) be the first derivative of -g**3/3 - 5*g**2/2 + g + 10. Suppose -2*z - y = 4*y, -2*y = -4. Determine v(z).
1
Suppose 35 = 63*l - 56*l. Let t(o) be the third derivative of o**6/120 - o**5/10 + o**4/8 + 7*o**3/6 - 3*o**2. Give t(l).
-3
Let d(f) = f**2 + 3*f - 6. Let l = 196 + -202. Calculate d(l).
12
Suppose 3*z + 0*z = 4*f + 14, -10 = -2*z + 2*f. Let w = 8 - 5. Let c(k) = -z*k**3 + 3 - 6 + 5 - w + k. Give c(1).
-6
Let g(j) = -j + 3. Suppose -3*m + 104 = 4*h, -2*m + 3*h + 58 = -0*h. Let a = -30 + m. What is g(a)?
1
Let v(t) = 3*t**3 + 9*t**2 - 6*t - 9. Let w(c) = -c**3 - 2*c + 1. Let b(m) = v(m) + 2*w(m). Calculate b(-10).
-7
Let r(a) = 7*a - 5. Let w(d) be the third derivative of -d**4/8 + d**3/3 - 7*d**2. Let l(s) = 2*r(s) + 5*w(s). What is l(0)?
0
Let w(m) = 6*m**2 - m + 4. Let s = 71 + -42. Let i = 35 - s. Let r(l) = 7*l**2 + 5. Let f(t) = i*w(t) - 5*r(t). Calculate f(7).
6
Suppose 5*h - 30 = p + 25, 0 = 4*h + 4*p - 68. Let d = h - 19. Let f(r) = r**3 + 7*r**2 + r + 7. Give f(d).
0
Suppose 113 = 2*f - 3*k, f + 18 = -5*k + 55. Let i be 2/(-7) + -1 + f/(-14). Let r(a) = -1. Let d(x) = 2*x + 6. Let p(v) = d(v) + 2*r(v). Calculate p(i).
-6
Let i(p) = 3*p - 9. Suppose -7*r + 48 + 1 = 0. Calculate i(r).
12
Let g be (16/(-6) + 3)*12. Let v be (2 + -6)/((-8)/g). Let a(w) = v*w + 0*w + w + 3 - 4*w. What is a(6)?
-3
Let k(f) = -f**2 + 4*f + 2. Let m = -18 + 22. Let c(d) = m*d**2 - 7*d**2 + 5*d**3 + 2*d**2. Let a be c(1). Calculate k(a).
2
Let r(q) = q**2 - 10*q - 37. Let m be (-6)/10 + (-3536)/(-260). Calculate r(m).
2
Suppose 5*w = 5*u - 20, -6*w + 2*u = -w + 8. Suppose -4*s + w*s = 24. Let y(g) = g**3 + 6*g**2 + 4. Give y(s).
4
Let l(f) be the third derivative of -1/2*f**3 - 1/8*f**4 - 11*f**2 + 0*f + 0 + 1/60*f**5. What is l(3)?
-3
Let z(x) be the second derivative of x**4/12 + x**3/3 - x**2/2 - 112*x. Let i(o) = -o**3 - o - 1. Let y be i(-2). Suppose -y*d = -5*d - 4. What is z(d)?
2
Let f be 32/(-5) + (-10)/75*-3. Let q(n) = 7*n**3 - n**2 